{"id":1037,"date":"2023-07-05T19:09:07","date_gmt":"2023-07-05T22:09:07","guid":{"rendered":"https:\/\/isfd144-bue.infd.edu.ar\/sitio\/?page_id=1037"},"modified":"2025-12-30T19:44:50","modified_gmt":"2025-12-30T22:44:50","slug":"finales-agosto-2025","status":"publish","type":"page","link":"https:\/\/isfd144-bue.infd.edu.ar\/sitio\/finales-agosto-2025\/","title":{"rendered":"FINALES FEBRERO 2026"},"content":{"rendered":"<h6>\u00a0<\/h6>\n<h6>Compartimos las fechas de las mesas de examen final correspondientes al Turno Ordinario FEBRERO 2026.<\/h6>\n<p>Las Comisiones Evaluadoras se desarrollar\u00e1n del 12-02-2026 al 06-03-2026<\/p>\n<h5><strong>Informaci\u00f3n importante:<\/strong><\/h5>\n<ul>\n<li>Las inscripciones podr\u00e1n realizarse <strong>hasta <\/strong>las <strong>18 hs<\/strong>\u00a0del d\u00eda<b> H\u00c1BIL <\/b>anterior a la fecha de Comisi\u00f3n Evaluadora.<b> <\/b><\/li>\n<li>Fines de semana y feriados <strong>NO<\/strong> se consideran d\u00edas h\u00e1biles.<\/li>\n<li>Al momento de rendir el estudiante deber\u00e1 presentar <strong>SIN EXCEPCI\u00d3N al iniciar la\u00a0<\/strong><b>Comisi\u00f3n Evaluadora:<\/b> libreta del estudiante con todos los datos completos (cursada aprobada y datos personales), foto y firma de autoridad ISFDyT N\u00b0 144.<\/li>\n<li>Las mesas examinadoras correspondientes a Planes de Estudios anteriores (Tecnicatura Superior en Turismo y Bibliotecario de Instituciones Educativas\u00a0 &#8211; s\u00f3lo 1\u00ba a\u00f1o -) solicitarlas por correo a pr144tl@gmail.com\u00a0<\/li>\n<\/ul>\n<p><u>\u00a0<strong>Modalidades de examen<\/strong>:<\/u><\/p>\n<ul>\n<li><strong>Estudiantes Libres<\/strong>: Dos instancias de ex\u00e1menes en el mismo d\u00eda. Una escrita y aprobando \u00e9sta pasa a instancia oral.<\/li>\n<li><strong>Estudiante Regulares:<\/strong> un examen oral o escrito con devoluci\u00f3n (calificaci\u00f3n) en el d\u00eda.<\/li>\n<\/ul>\n<h3><strong>CRONOGRAMA DE FECHAS:<\/strong><\/h3>\n<pre>PROF. DE ED. F\u00cdSICA: <a href=\"https:\/\/isfd144-bue.infd.edu.ar\/sitio\/wp-content\/uploads\/2025\/12\/PEF.pdf\">Click aqu\u00ed<\/a><br \/><br \/>PROF. DE INICIAL: <a href=\"https:\/\/isfd144-bue.infd.edu.ar\/sitio\/wp-content\/uploads\/2025\/12\/INI.pdf\">Click aqu\u00ed<\/a> <br \/><br \/>PROF. DE INGL\u00c9S: <a href=\"https:\/\/isfd144-bue.infd.edu.ar\/sitio\/wp-content\/uploads\/2025\/12\/ING.pdf\">Click aqu\u00ed<\/a><br \/><br \/>TEC. SUP. EN ADM. DE RECURSOS HUMANOS 1\u00ba,  2\u00ba Y 3\u00ba A\u00d1O (1\u00ba PLAN NUEVO, 2\u00ba Y 3\u00ba PLAN VIEJO): <a href=\"https:\/\/isfd144-bue.infd.edu.ar\/sitio\/wp-content\/uploads\/2025\/12\/RRHH.pdf\">Click Aqu\u00ed<\/a><br \/><br \/>TEC. SUP. EN TURISMO: <a href=\"https:\/\/isfd144-bue.infd.edu.ar\/sitio\/wp-content\/uploads\/2025\/12\/TUR.pdf\">Click aqu\u00ed<\/a><br \/><br \/>TEC. SUP .EN BIBLIOTECOLOG\u00cdA DE INST. EDUC.: <a href=\"https:\/\/isfd144-bue.infd.edu.ar\/sitio\/wp-content\/uploads\/2025\/12\/BIBLIO.pdf\">Click aqu\u00ed\n<\/a><\/pre>\n<h3><strong>LINKS DE INSCRIPCI\u00d3N:\u00a0<\/strong><\/h3>\n<p>Se habilitar\u00e1n a partir del d\u00eda 02-01-2026 a las 18:00 horas.<\/p>\n<p><strong><u>Para completar FORMULARIO DE INSCRIPCI\u00d3N<\/u><\/strong><\/p>\n<p>Recuerden completar correctamente sus datos personales.<\/p>\n<pre>PROF. DE ED. F\u00cdSICA: <a href=\"https:\/\/docs.google.com\/forms\/d\/e\/1FAIpQLSeXRu1-NgEGYw_ULpW02B65K3zOecAXmR0jLZYYNu3-wxTITQ\/viewform?usp=preview\">Click aqu\u00ed<\/a><br \/><br \/>PROF. DE ED. INICIAL: <a href=\"https:\/\/docs.google.com\/forms\/d\/e\/1FAIpQLSdhZEEoxvtc2y7BmfIlYpZRaoYBswDV-EopXHP_rgpd5yzsfQ\/viewform?usp=preview\">Click aqu\u00ed<\/a>\n\nPROF. DE INGL\u00c9S: <a href=\"https:\/\/docs.google.com\/forms\/d\/e\/1FAIpQLSf_4M6K12rmicDJfxU4YC-ea_9JmEM5YTS4wjm4-_2JkzTy9A\/viewform?usp=preview\">Click aqu\u00ed<\/a><br \/><br \/>TEC. SUP EN ADM. DE RECURSOS HUMANOS 1\u00ba A\u00d1O (NUEVO PLAN): <a href=\"https:\/\/forms.gle\/SUQub6MvwAxsRce59\">Click aqu\u00ed<\/a>\n\nTEC. EN ADM. DE RECURSOS HUMANOS 2\u00ba Y 3\u00ba A\u00d1O (PLAN VIEJO): <a href=\"https:\/\/docs.google.com\/forms\/d\/e\/1FAIpQLSewwzZwJ9TCVTprvL7epDtPMV2trFQ1dBw0T2iDCqS8n0x1GA\/viewform?usp=preview\">Click aqu\u00ed<\/a>\n\nTEC. EN TURISMO: <a href=\"https:\/\/docs.google.com\/forms\/d\/e\/1FAIpQLSc0lGjuEkxAJKsrCRShAmauNq_zJakl2FjumafpyPtMMdQe4Q\/viewform?usp=preview\">Click aqu\u00ed<\/a>\n\nBIBLIOTECARIO DE INST. EDUC.: <a href=\"https:\/\/forms.gle\/cX2tMn8Se5z96DfE9\">Click aqu\u00ed<\/a><\/pre>\n\n\n<p><\/p>\n","protected":false},"excerpt":{"rendered":"<p>\u00a0 Compartimos las fechas de las mesas de examen final correspondientes al Turno Ordinario FEBRERO 2026. Las Comisiones Evaluadoras se desarrollar\u00e1n del 12-02-2026 al 06-03-2026 Informaci\u00f3n importante: Las inscripciones podr\u00e1n realizarse hasta las 18 hs\u00a0del d\u00eda H\u00c1BIL anterior a la fecha de Comisi\u00f3n Evaluadora. Fines de semana y feriados NO se consideran d\u00edas h\u00e1biles. Al &#8230; <a title=\"FINALES FEBRERO 2026\" class=\"read-more\" href=\"https:\/\/isfd144-bue.infd.edu.ar\/sitio\/finales-agosto-2025\/\" aria-label=\"More on FINALES FEBRERO 2026\">[+]<\/a><\/p>\n","protected":false},"author":265,"featured_media":0,"parent":0,"menu_order":0,"comment_status":"closed","ping_status":"closed","template":"","meta":[],"acf":[],"_links":{"self":[{"href":"https:\/\/isfd144-bue.infd.edu.ar\/sitio\/wp-json\/wp\/v2\/pages\/1037"}],"collection":[{"href":"https:\/\/isfd144-bue.infd.edu.ar\/sitio\/wp-json\/wp\/v2\/pages"}],"about":[{"href":"https:\/\/isfd144-bue.infd.edu.ar\/sitio\/wp-json\/wp\/v2\/types\/page"}],"author":[{"embeddable":true,"href":"https:\/\/isfd144-bue.infd.edu.ar\/sitio\/wp-json\/wp\/v2\/users\/265"}],"replies":[{"embeddable":true,"href":"https:\/\/isfd144-bue.infd.edu.ar\/sitio\/wp-json\/wp\/v2\/comments?post=1037"}],"version-history":[{"count":111,"href":"https:\/\/isfd144-bue.infd.edu.ar\/sitio\/wp-json\/wp\/v2\/pages\/1037\/revisions"}],"predecessor-version":[{"id":2679,"href":"https:\/\/isfd144-bue.infd.edu.ar\/sitio\/wp-json\/wp\/v2\/pages\/1037\/revisions\/2679"}],"wp:attachment":[{"href":"https:\/\/isfd144-bue.infd.edu.ar\/sitio\/wp-json\/wp\/v2\/media?parent=1037"}],"curies":[{"name":"wp","href":"https:\/\/api.w.org\/{rel}","templated":true}]}}