{"id":1176,"date":"2021-03-01T17:05:04","date_gmt":"2021-03-01T20:05:04","guid":{"rendered":"https:\/\/isfd144-bue.infd.edu.ar\/sitio\/?page_id=1176"},"modified":"2025-04-10T10:54:37","modified_gmt":"2025-04-10T13:54:37","slug":"equivalencias","status":"publish","type":"page","link":"https:\/\/isfd144-bue.infd.edu.ar\/sitio\/equivalencias\/","title":{"rendered":"EQUIVALENCIAS"},"content":{"rendered":"<h2><span style=\"font-size: 7;\">Solicitud de reconocimiento de Equivalencias<\/span><\/h2>\n<p>Toda la documentaci\u00f3n se enviar\u00e1 al correo electr\u00f3nico:\u00a0<a href=\"mailto:pr144tl@gmail.com\" target=\"_blank\" rel=\"noopener noreferrer\">pr144tl@gmail.com<\/a><\/p>\n<p><strong>Asunto del correo:\u00a0<\/strong>Solicitud equivalencia \u2013 Apellido y nombre \u2013 Carrera<\/p>\n<p><strong>Fecha de solicitud:<\/strong> se recibir\u00e1 hasta 30 de Abril de cada a\u00f1o<\/p>\n<p><strong>Fecha de devoluci\u00f3n:<\/strong> a partir de la solicitud, despu\u00e9s de 10 d\u00edas h\u00e1biles se informar\u00e1 el criterio emitido<\/p>\n<pre><b>El alumno\/a que solicite equivalencias debe presentar<\/b><\/pre>\n<ul>\n<li>Formulario resumen de solicitud de equivalencia:\u00a0<a href=\"https:\/\/isfd144-bue.infd.edu.ar\/sitio\/wp-content\/uploads\/2021\/03\/Equivalencia_resumen.docx\" target=\"_blank\" rel=\"noopener\">Click aqu\u00ed<\/a><\/li>\n<li>Formulario de solicitud de equivalencia por cada espacio curricular\/materia:\u00a0<a href=\"https:\/\/isfd144-bue.infd.edu.ar\/sitio\/wp-content\/uploads\/2021\/03\/Equivalencia_asignatura.docx\" target=\"_blank\" rel=\"noopener\">Click aqu\u00ed<\/a><\/li>\n<li>Certificado Anal\u00edtico de materias aprobadas en original extendido por la instituci\u00f3n de Educaci\u00f3n Superior correspondiente o Copia de T\u00edtulo.<\/li>\n<li>Programas de Espacios Curriculares que presenta para el otorgamiento de la equivalencia, los cuales deber\u00e1n estar certificados (fecha y firma original de personal jer\u00e1rquico). Se solicita digitalizarlo en buena calidad y convertirlo a PDF.<\/li>\n<\/ul>\n","protected":false},"excerpt":{"rendered":"<p>Solicitud de reconocimiento de Equivalencias Toda la documentaci\u00f3n se enviar\u00e1 al correo electr\u00f3nico:\u00a0pr144tl@gmail.com Asunto del correo:\u00a0Solicitud equivalencia \u2013 Apellido y nombre \u2013 Carrera Fecha de solicitud: se recibir\u00e1 hasta 30 de Abril de cada a\u00f1o Fecha de devoluci\u00f3n: a partir de la solicitud, despu\u00e9s de 10 d\u00edas h\u00e1biles se informar\u00e1 el criterio emitido El alumno\/a &#8230; <a title=\"EQUIVALENCIAS\" class=\"read-more\" href=\"https:\/\/isfd144-bue.infd.edu.ar\/sitio\/equivalencias\/\" aria-label=\"More on EQUIVALENCIAS\">[+]<\/a><\/p>\n","protected":false},"author":265,"featured_media":0,"parent":0,"menu_order":0,"comment_status":"closed","ping_status":"closed","template":"","meta":[],"acf":[],"_links":{"self":[{"href":"https:\/\/isfd144-bue.infd.edu.ar\/sitio\/wp-json\/wp\/v2\/pages\/1176"}],"collection":[{"href":"https:\/\/isfd144-bue.infd.edu.ar\/sitio\/wp-json\/wp\/v2\/pages"}],"about":[{"href":"https:\/\/isfd144-bue.infd.edu.ar\/sitio\/wp-json\/wp\/v2\/types\/page"}],"author":[{"embeddable":true,"href":"https:\/\/isfd144-bue.infd.edu.ar\/sitio\/wp-json\/wp\/v2\/users\/265"}],"replies":[{"embeddable":true,"href":"https:\/\/isfd144-bue.infd.edu.ar\/sitio\/wp-json\/wp\/v2\/comments?post=1176"}],"version-history":[{"count":19,"href":"https:\/\/isfd144-bue.infd.edu.ar\/sitio\/wp-json\/wp\/v2\/pages\/1176\/revisions"}],"predecessor-version":[{"id":2426,"href":"https:\/\/isfd144-bue.infd.edu.ar\/sitio\/wp-json\/wp\/v2\/pages\/1176\/revisions\/2426"}],"wp:attachment":[{"href":"https:\/\/isfd144-bue.infd.edu.ar\/sitio\/wp-json\/wp\/v2\/media?parent=1176"}],"curies":[{"name":"wp","href":"https:\/\/api.w.org\/{rel}","templated":true}]}}