{"id":786,"date":"2018-08-29T15:13:38","date_gmt":"2018-08-29T18:13:38","guid":{"rendered":"https:\/\/isfd144-bue.infd.edu.ar\/sitio\/profesorado-de-educacion-fisica\/"},"modified":"2022-12-02T19:37:39","modified_gmt":"2022-12-02T22:37:39","slug":"profesorado-de-educacion-fisica","status":"publish","type":"page","link":"https:\/\/isfd144-bue.infd.edu.ar\/sitio\/profesorado-de-educacion-fisica\/","title":{"rendered":"PROFESORADO DE ED. FISICA"},"content":{"rendered":"<p>La carrera de Profesorado de Educaci\u00f3n F\u00edsica est\u00e1 orientada a la formaci\u00f3n docente tanto en el campo deportivo (deportes abiertos y cerrados, de campo y gimnasio), en el campo de la formaci\u00f3n motriz y en el \u00e1rea filos\u00f3fica, pedag\u00f3gica, did\u00e1ctica y de investigaci\u00f3n.<\/p>\n<p class=\"style3\" align=\"justify\">La formaci\u00f3n acad\u00e9mica estar\u00e1 centrada en\u00a0<span class=\"style4\">ense\u00f1ar a ense\u00f1ar<\/span>\u00a0las diferentes \u00e1reas de educaci\u00f3n f\u00edsica desde las nuevas corrientes pedag\u00f3gicas.<\/p>\n<p><strong>NIVEL:<\/strong> SUPERIOR<\/p>\n<p><strong>MODALIDAD:<\/strong> PRESENCIAL<\/p>\n<p><strong>HORARIO:<\/strong> VESPERTINO DE 18 A 23HS\u00a0 (Observaci\u00f3n: incluye materias que se cursan en turno ma\u00f1ana y turno tarde)<\/p>\n<p><strong>DURACI\u00d3N:<\/strong> 4 A\u00d1OS<\/p>\n<p><strong>DISE\u00d1O DE LA CARRERA:<\/strong>\u00a0<a href=\"https:\/\/isfd144-bue.infd.edu.ar\/sitio\/wp-content\/uploads\/2021\/04\/Prof.-de-Ed.-Fisica.pdf\">Prof. de Ed. Fisica<\/a><\/p>\n","protected":false},"excerpt":{"rendered":"<p>La carrera de Profesorado de Educaci\u00f3n F\u00edsica est\u00e1 orientada a la formaci\u00f3n docente tanto en el campo deportivo (deportes abiertos y cerrados, de campo y gimnasio), en el campo de la formaci\u00f3n motriz y en el \u00e1rea filos\u00f3fica, pedag\u00f3gica, did\u00e1ctica y de investigaci\u00f3n. La formaci\u00f3n acad\u00e9mica estar\u00e1 centrada en\u00a0ense\u00f1ar a ense\u00f1ar\u00a0las diferentes \u00e1reas de educaci\u00f3n &#8230; <a title=\"PROFESORADO DE ED. FISICA\" class=\"read-more\" href=\"https:\/\/isfd144-bue.infd.edu.ar\/sitio\/profesorado-de-educacion-fisica\/\" aria-label=\"More on PROFESORADO DE ED. FISICA\">[+]<\/a><\/p>\n","protected":false},"author":265,"featured_media":0,"parent":0,"menu_order":0,"comment_status":"closed","ping_status":"closed","template":"","meta":[],"acf":[],"_links":{"self":[{"href":"https:\/\/isfd144-bue.infd.edu.ar\/sitio\/wp-json\/wp\/v2\/pages\/786"}],"collection":[{"href":"https:\/\/isfd144-bue.infd.edu.ar\/sitio\/wp-json\/wp\/v2\/pages"}],"about":[{"href":"https:\/\/isfd144-bue.infd.edu.ar\/sitio\/wp-json\/wp\/v2\/types\/page"}],"author":[{"embeddable":true,"href":"https:\/\/isfd144-bue.infd.edu.ar\/sitio\/wp-json\/wp\/v2\/users\/265"}],"replies":[{"embeddable":true,"href":"https:\/\/isfd144-bue.infd.edu.ar\/sitio\/wp-json\/wp\/v2\/comments?post=786"}],"version-history":[{"count":6,"href":"https:\/\/isfd144-bue.infd.edu.ar\/sitio\/wp-json\/wp\/v2\/pages\/786\/revisions"}],"predecessor-version":[{"id":1495,"href":"https:\/\/isfd144-bue.infd.edu.ar\/sitio\/wp-json\/wp\/v2\/pages\/786\/revisions\/1495"}],"wp:attachment":[{"href":"https:\/\/isfd144-bue.infd.edu.ar\/sitio\/wp-json\/wp\/v2\/media?parent=786"}],"curies":[{"name":"wp","href":"https:\/\/api.w.org\/{rel}","templated":true}]}}