{"id":800,"date":"2018-08-29T15:13:44","date_gmt":"2018-08-29T18:13:44","guid":{"rendered":"https:\/\/isfd144-bue.infd.edu.ar\/sitio\/normativas\/"},"modified":"2026-04-15T20:44:28","modified_gmt":"2026-04-15T23:44:28","slug":"normativas","status":"publish","type":"page","link":"https:\/\/isfd144-bue.infd.edu.ar\/sitio\/normativas\/","title":{"rendered":"NORMATIVAS"},"content":{"rendered":"<h3>CONCURSOS DOCENTES:<\/h3>\n<div>&#8211; Resoluci\u00f3n 6179\/25. Prueba de Selecci\u00f3n por Evaluaci\u00f3n de T\u00edtulos, antecedentes y<\/div>\n<div>\u00a0 Oposici\u00f3n para la cobertura de cargos de Nivel Superior <a href=\"https:\/\/isfd144-bue.infd.edu.ar\/sitio\/wp-content\/uploads\/2026\/04\/RESOC-2025-6179-GDEBA-DGCYE.pdf\" target=\"_blank\" rel=\"noopener\">Click aqu\u00ed<\/a><\/div>\n<div>\u00a0<\/div>\n<div>&#8211; Anexos de Evaluaci\u00f3n y Presentaci\u00f3n de Proyecto (Declaraci\u00f3n Jurada): <a href=\"https:\/\/isfd144-bue.infd.edu.ar\/sitio\/wp-content\/uploads\/2026\/04\/CC83R6179.pdf\" target=\"_blank\" rel=\"noopener\">Click aqu\u00ed<\/a><\/div>\n<div>\u00a0<\/div>\n<div>\u00a0<\/div>\n\n\n<h2 class=\"wp-block-heading\">R\u00c9GIMEN ACAD\u00c9MICO <\/h2>\n\n\n\n<p>ANEXO 1: R\u00e9gimen Acad\u00e9mico Marco Jurisdiccional &#8211; Principios y disposiciones generales (<a href=\"https:\/\/isfd144-bue.infd.edu.ar\/sitio\/wp-content\/uploads\/2025\/02\/IF-2024-38567372-GDEBA-SDIFDIDGCYE.pdf\" data-type=\"URL\" data-id=\"https:\/\/isfd144-bue.infd.edu.ar\/sitio\/wp-content\/uploads\/2025\/02\/IF-2024-38567372-GDEBA-SDIFDIDGCYE.pdf\"> <\/a><a rel=\"noreferrer noopener\" href=\"https:\/\/isfd144-bue.infd.edu.ar\/sitio\/wp-content\/uploads\/2026\/04\/Regimen-Academicoo.pdf\" target=\"_blank\">Click aqu\u00ed<\/a>)<\/p>\n\n\n\n<p>ANEXO 2: Condiciones generales \/ alumno itinerante (<a href=\"https:\/\/isfd144-bue.infd.edu.ar\/sitio\/wp-content\/uploads\/2025\/02\/IF-2024-37932840-GDEBA-DPESUPDGCYE.pdf\" target=\"_blank\" rel=\"noreferrer noopener\">click aqu\u00ed<\/a>)<\/p>\n\n\n\n<p>ANEXO 3: Condiciones para la implementaci\u00f3n de las propuestas pedag\u00f3gicas combinadas (<a href=\"https:\/\/isfd144-bue.infd.edu.ar\/sitio\/wp-content\/uploads\/2025\/02\/IF-2024-37932766-GDEBA-DPESUPDGCYE.pdf\">click aqu\u00ed<\/a>)<\/p>\n","protected":false},"excerpt":{"rendered":"<p>CONCURSOS DOCENTES: &#8211; Resoluci\u00f3n 6179\/25. Prueba de Selecci\u00f3n por Evaluaci\u00f3n de T\u00edtulos, antecedentes y \u00a0 Oposici\u00f3n para la cobertura de cargos de Nivel Superior Click aqu\u00ed \u00a0 &#8211; Anexos de Evaluaci\u00f3n y Presentaci\u00f3n de Proyecto (Declaraci\u00f3n Jurada): Click aqu\u00ed \u00a0 \u00a0 R\u00c9GIMEN ACAD\u00c9MICO ANEXO 1: R\u00e9gimen Acad\u00e9mico Marco Jurisdiccional &#8211; Principios y disposiciones generales ( &#8230; <a title=\"NORMATIVAS\" class=\"read-more\" href=\"https:\/\/isfd144-bue.infd.edu.ar\/sitio\/normativas\/\" aria-label=\"More on NORMATIVAS\">[+]<\/a><\/p>\n","protected":false},"author":265,"featured_media":0,"parent":0,"menu_order":0,"comment_status":"closed","ping_status":"closed","template":"","meta":[],"acf":[],"_links":{"self":[{"href":"https:\/\/isfd144-bue.infd.edu.ar\/sitio\/wp-json\/wp\/v2\/pages\/800"}],"collection":[{"href":"https:\/\/isfd144-bue.infd.edu.ar\/sitio\/wp-json\/wp\/v2\/pages"}],"about":[{"href":"https:\/\/isfd144-bue.infd.edu.ar\/sitio\/wp-json\/wp\/v2\/types\/page"}],"author":[{"embeddable":true,"href":"https:\/\/isfd144-bue.infd.edu.ar\/sitio\/wp-json\/wp\/v2\/users\/265"}],"replies":[{"embeddable":true,"href":"https:\/\/isfd144-bue.infd.edu.ar\/sitio\/wp-json\/wp\/v2\/comments?post=800"}],"version-history":[{"count":9,"href":"https:\/\/isfd144-bue.infd.edu.ar\/sitio\/wp-json\/wp\/v2\/pages\/800\/revisions"}],"predecessor-version":[{"id":2717,"href":"https:\/\/isfd144-bue.infd.edu.ar\/sitio\/wp-json\/wp\/v2\/pages\/800\/revisions\/2717"}],"wp:attachment":[{"href":"https:\/\/isfd144-bue.infd.edu.ar\/sitio\/wp-json\/wp\/v2\/media?parent=800"}],"curies":[{"name":"wp","href":"https:\/\/api.w.org\/{rel}","templated":true}]}}