{"id":804,"date":"2018-08-29T15:13:46","date_gmt":"2018-08-29T18:13:46","guid":{"rendered":"https:\/\/isfd144-bue.infd.edu.ar\/sitio\/tecn-sup-en-adm-recursos-humanos\/"},"modified":"2025-03-14T08:19:28","modified_gmt":"2025-03-14T11:19:28","slug":"tecn-sup-en-adm-recursos-humanos","status":"publish","type":"page","link":"https:\/\/isfd144-bue.infd.edu.ar\/sitio\/tecn-sup-en-adm-recursos-humanos\/","title":{"rendered":"TECN. SUPERIOR EN ADMINISTRACI\u00d3N DE RECURSOS HUMANOS"},"content":{"rendered":"<p class=\"font_3\">A partir de una s\u00f3lida formaci\u00f3n te\u00f3rico-pr\u00e1ctica y de las competencias adquiridas,\u00a0 el egresado estar\u00e1 en condiciones de desempe\u00f1arse con eficacia en situaciones problem\u00e1ticas concretas de formaci\u00f3n, desarrollo y administraci\u00f3n de personal, formando parte de organizaciones de todo tipo o como profesional independiente.<\/p>\n<p><strong>DURACI\u00d3N:<\/strong> 3 A\u00d1OS<\/p>\n<p><strong>MODALIDAD:<\/strong> PRESENCIAL<\/p>\n<p><strong>HORARIO:<\/strong> VESPERTINO DE 18 A 23HS<\/p>\n<p><strong>DISE\u00d1O DE LA CARRERA &#8211; Plan de Estudios Actual &#8211; Resoluci\u00f3n 5311\/24 :\u00a0<a href=\"https:\/\/isfd144-bue.infd.edu.ar\/sitio\/wp-content\/uploads\/2025\/03\/TS-en-Adm-de-Recursos-Humanos_RM-5311_24_compressed.pdf\">Tecn. Sup en Adm de RRHH<\/a><\/strong><\/p>\n<p><strong>DISE\u00d1O DE LA CARRERA &#8211; Plan de Estudios Anterior &#8211; Resoluci\u00f3n 276\/03 : <\/strong><a title=\"tecsupenadminderecursoshumanosr276-03\" href=\"upload\/tecsupenadminderecursoshumanosr276-03.pdf\" target=\"_blank\" rel=\"noopener\">Tec. Recursos Humanos<\/a><\/p>\n","protected":false},"excerpt":{"rendered":"<p>A partir de una s\u00f3lida formaci\u00f3n te\u00f3rico-pr\u00e1ctica y de las competencias adquiridas,\u00a0 el egresado estar\u00e1 en condiciones de desempe\u00f1arse con eficacia en situaciones problem\u00e1ticas concretas de formaci\u00f3n, desarrollo y administraci\u00f3n de personal, formando parte de organizaciones de todo tipo o como profesional independiente. DURACI\u00d3N: 3 A\u00d1OS MODALIDAD: PRESENCIAL HORARIO: VESPERTINO DE 18 A 23HS DISE\u00d1O &#8230; <a title=\"TECN. SUPERIOR EN ADMINISTRACI\u00d3N DE RECURSOS HUMANOS\" class=\"read-more\" href=\"https:\/\/isfd144-bue.infd.edu.ar\/sitio\/tecn-sup-en-adm-recursos-humanos\/\" aria-label=\"More on TECN. SUPERIOR EN ADMINISTRACI\u00d3N DE RECURSOS HUMANOS\">[+]<\/a><\/p>\n","protected":false},"author":265,"featured_media":0,"parent":0,"menu_order":0,"comment_status":"closed","ping_status":"closed","template":"","meta":[],"acf":[],"_links":{"self":[{"href":"https:\/\/isfd144-bue.infd.edu.ar\/sitio\/wp-json\/wp\/v2\/pages\/804"}],"collection":[{"href":"https:\/\/isfd144-bue.infd.edu.ar\/sitio\/wp-json\/wp\/v2\/pages"}],"about":[{"href":"https:\/\/isfd144-bue.infd.edu.ar\/sitio\/wp-json\/wp\/v2\/types\/page"}],"author":[{"embeddable":true,"href":"https:\/\/isfd144-bue.infd.edu.ar\/sitio\/wp-json\/wp\/v2\/users\/265"}],"replies":[{"embeddable":true,"href":"https:\/\/isfd144-bue.infd.edu.ar\/sitio\/wp-json\/wp\/v2\/comments?post=804"}],"version-history":[{"count":6,"href":"https:\/\/isfd144-bue.infd.edu.ar\/sitio\/wp-json\/wp\/v2\/pages\/804\/revisions"}],"predecessor-version":[{"id":2327,"href":"https:\/\/isfd144-bue.infd.edu.ar\/sitio\/wp-json\/wp\/v2\/pages\/804\/revisions\/2327"}],"wp:attachment":[{"href":"https:\/\/isfd144-bue.infd.edu.ar\/sitio\/wp-json\/wp\/v2\/media?parent=804"}],"curies":[{"name":"wp","href":"https:\/\/api.w.org\/{rel}","templated":true}]}}